ue
Suppose 49*z - 8*z = -49*z + 4418910. Is z a prime number?
False
Let t(m) = -93 - 103 - 85 + 741*m + 40 + 12. Is t(14) a prime number?
False
Suppose -c + 0*c = -r - 892, -3569 = 4*r - 3*c. Let s = 1687 + r. Suppose -b = 6*y - 10*y - 409, -4*y = 2*b - s. Is b a prime number?
True
Is (7 - -3)/((-616722)/154181 - -4) a prime number?
False
Suppose -4*i + 185971 = -5*r, 143*i - 148*i + 232439 = 2*r. Is i prime?
True
Suppose 3*g = 8 + 7, 1645 = 5*k - 2*g. Suppose -k - 92 = -9*f. Suppose c - 310 = 3*a - f, 4*c + 3*a - 992 = 0. Is c composite?
False
Let y(h) = 4585*h - 2. Suppose -3*o + 19 = 3*l - 7*o, 2*o + 12 = 2*l. Suppose -5 = l*r + 2*m, 4*m = -0*m - 20. Is y(r) prime?
True
Suppose 309349 = 5*z - 46*y + 42*y, 3*z - 185577 = -3*y. Is z prime?
False
Let f = -521023 - -1498322. Is f prime?
True
Suppose 4*c - 131 = -4*k + 37, c + 3*k - 44 = 0. Suppose 143762 + 54473 = c*z. Is z composite?
True
Suppose -13*l - 4*w + 62 = -8*l, 2*l - w - 17 = 0. Let u(c) = 26*c**3 + 10*c**2 + 37*c - 21. Is u(l) a prime number?
False
Suppose 85*q - 81*q = -2*t + 246782, 2*q = -6. Is t a composite number?
False
Let b = -61 - -65. Is 2*b/(-16)*-1282 a prime number?
True
Suppose 9*b - 187 = -142. Suppose 5*s - 92 = -f - 10, -2*f + 159 = b*s. Is f a composite number?
True
Suppose 5*z = 2*a - 254221, 23 = -4*z + 43. Is a a composite number?
False
Suppose 3*w - 15 - 9 = 0. Let t(h) = 9*h + 20*h**2 - 23 + 3*h + w. Is t(7) prime?
True
Suppose -2*x + 7838402 = -8*i, 17 = 5*i + 57. Is x prime?
True
Let h = -637708 + 956805. Is h composite?
False
Suppose -2*w = -2*i + 3*w + 192, 0 = 5*i + w - 426. Let a = -84 + i. Suppose -h - 2*h = -2*g - 2035, -a*g = -h + 681. Is h a prime number?
True
Let h be (-1495)/2*-10 - 2 - 3. Suppose h = 18*o - 139176. Is o a prime number?
True
Let y = -58 - -60. Suppose -3*n - 2*x + 3*x = 476, 0 = 5*n + y*x + 808. Let d = 1 - n. Is d a composite number?
True
Let y(t) = -t**3 - t - 1. Let d(m) = -6*m**3 - 5*m**2 - 8*m - 10. Let v(f) = d(f) - 5*y(f). Let g = 459 + -467. Is v(g) prime?
True
Suppose -6*q + 261201 + 109912 = d, 0 = -d + 3*q + 371140. Is d prime?
True
Let c(v) be the third derivative of -v**6/10 - 11*v**5/15 - 5*v**4/8 + v**3/2 + 287*v**2. Is c(-14) a composite number?
False
Suppose 3*z = -120 - 12. Let p be 18/(-45) + z/(-10). Suppose -p*n + 3*m + 0*m = -2983, -5*n + 3*m = -3728. Is n a composite number?
True
Suppose 3*o + 158 = -5*i, 82 - 31 = -o - 2*i. Let d = o + 380. Is d a composite number?
True
Suppose 0 = 3*a - 10 + 1. Suppose 4*y - 146415 = -5*h, -3*h - y = a*y - 87841. Is h prime?
True
Suppose -119004 = -n - r + 81247, -2*n + 3*r + 400482 = 0. Is n prime?
False
Let p(b) = b**2 - 14*b - 109. Let j be p(20). Suppose -j*v + 3*v + 152 = 0. Is v a composite number?
False
Suppose -2*f - 1582546 = -36*w + 34*w, -3*w + 2373791 = 4*f. Is w a composite number?
True
Let n = -4804 + 11250. Suppose 5*t + 4*v - 7743 = 3012, -n = -3*t - v. Is t prime?
False
Let g be (1/(-2))/((-2)/12). Suppose 2*j - 40 = -g*l + 5*l, -5*l = 4*j - 53. Suppose -j = -k + 2. Is k a composite number?
False
Let z = 44769 - -74701. Suppose -16*c + z = 10*c. Is c a prime number?
False
Let o(r) = 907*r - 54. Let f be (-4 - 132/(-48))*1*-4. Is o(f) a prime number?
True
Let z be 4/(-24)*3 + 18/(-4). Let m(a) = -1591*a + 35. Let c be m(z). Is (-1)/(1 + c/(-7985)) prime?
True
Let m be 4/(-26) - 1968/(-624). Suppose -34*h = -m*h - 272893. Is h prime?
True
Suppose -57 - 159 = -9*c. Suppose 13062 = c*k - 29202. Is k prime?
False
Let f be 4 + 6 + 9 + -5. Is f/(-4)*(-99952)/56 composite?
False
Suppose -4*b + 3*b + 856 = 0. Suppose -7*m + 6*m = -b. Let q = m + -315. Is q composite?
False
Suppose 26 = 7*p + 12. Let w be (448/70)/(p/5). Is w - -1024 - (2 + -1) a composite number?
False
Is 8 + (18/30)/((-2)/(-51410)) prime?
False
Let z(n) = -2*n**3 - 8*n**2 - 4*n - 1. Let t be z(-4). Let f be (-65460)/9*(-18)/t. Let j = -2243 + f. Is j a prime number?
False
Suppose u - 5*l - 22335 = -4*u, -4*u + l = -17853. Let t = u - 2129. Is t a composite number?
False
Let w be 21/9*12 + 2. Let z = w - -179. Is z composite?
True
Let u be (-1 - -1)/(2 - 3). Suppose -4*t = u, o + 0 - 2 = -3*t. Suppose o*k - k = 893. Is k composite?
True
Suppose -j - 84 = 4*g + 463, 2659 = -5*j - g. Is 121711/9 + (j/(-81) - 7) composite?
False
Suppose 2360 = -2*b - 3*b. Let q = b - -1550. Suppose -4*z = 3*d - 1631, -3*d + 2*z + q = -d. Is d prime?
True
Suppose -80 = -4*s + 2*r, 0 = 2*s - 4*r - 43 + 3. Suppose -s*k + 441096 = -12*k. Is k a composite number?
True
Let x(a) = -94513*a - 26. Is x(-7) a prime number?
False
Let i = -26533 - -38676. Is i a composite number?
False
Let b = -39 + 47. Suppose -5*j - 13 = -2*v + b, -4*v = -4*j - 24. Is -11*v/(2 - (-12)/(-4)) prime?
False
Let f be 12/(-6 + 5 - -3). Is 5903*(4 - -3 - f) a composite number?
False
Let q(p) = 45*p - 41. Let y be -3*(-6)/9*5. Is q(y) a prime number?
True
Suppose -5 = -4*g + 11, 1494 = 2*w + 4*g. Suppose -2*c - 3*c = -3*a + 1809, 5*c = -5*a - 1785. Let v = c + w. Is v a prime number?
True
Let x be (-24)/20*(-3 + 2/(-1)). Let p be (-25 - 1)/((-4)/194). Suppose x*t + p = 7*t + j, t = j + 1263. Is t a prime number?
False
Suppose -y - 662016 - 290246 = -5*k, 5*y - 571374 = -3*k. Is k prime?
False
Is -42 + 40393792/352 - ((-1)/(-11) + 0) composite?
False
Suppose -3*u - 620823 + 128813 = -2*w, 3*w - 738037 = -u. Is w a composite number?
False
Let q(o) = 8*o - 65. Let g be q(8). Is 3 + -5 + g + 1106 composite?
False
Let g(l) = l**3 + 8*l**2 - 20. Let t be g(-8). Is 9/((-126)/(-35))*(-24872)/t a composite number?
False
Suppose 4*d = -5*s + 762771, -4*s + 8*s = 5*d + 610225. Suppose -6*w = -s + 44237. Is w a composite number?
True
Let y be 128/(-80)*(50/(-4))/(-1). Is ((-36116)/10)/(-1*y/(-50)) a composite number?
False
Suppose -157*x + 278390 = -133*x - 59314. Is x composite?
False
Suppose -24*n = 123*n - 215795265. Is n composite?
True
Let c(n) be the first derivative of 47*n**3 - 11*n**2/2 + 27*n - 355. Suppose 14 = 3*p - 5*x - 0*x, 4*p + x - 11 = 0. Is c(p) composite?
True
Let s(j) = j**3 - 16*j**2 + 29*j - 15. Let m be s(14). Is 7678*(3/2 + m) composite?
True
Is (-2 - (-7)/4)/(147/(-114016728)) a composite number?
True
Suppose 5*q + 2*k - 47 = 0, -6*q + k = -5*q - 15. Suppose 8*l + 14505 = q*l. Is l prime?
False
Let b = 14233 + -2136. Is b composite?
False
Suppose 72518 = -3*w + 3*w + 2*w. Is w prime?
False
Suppose 2*s + s - 4*l - 26 = 0, 0 = s + l - 4. Suppose -9*o - 1431 = -s*o. Let w = o + 924. Is w a composite number?
True
Suppose 41366 = 36*x - 144646. Is x a prime number?
True
Let d = 1244 - -1752. Suppose d = 8*j - 38052. Is j composite?
True
Let o(u) = 1610*u**2 + 2. Let z be o(1). Let w = z + 324. Suppose 2079 = 11*l - w. Is l prime?
False
Let p(t) = 2667*t + 53. Let j be p(-7). Let u = j - -32523. Is u composite?
False
Let z(u) = u**3 + u**2 - 2*u + 8. Let x be z(0). Let m be ((-4)/(-14))/(x/56). Suppose 2*l + 1267 = m*v + 429, 5*v = -l + 2095. Is v a prime number?
True
Suppose u - 19178 + 5795 = -2*l, -4*l = -2*u + 26806. Is u prime?
False
Let f = 108921 + 187552. Is f composite?
False
Suppose 2*q + 4608 = 2*w, 0 = -5*w + 3*q + 2952 + 8564. Suppose 1852 = 4*y + i, 2*y + 2*i + w = 7*y. Let u = -211 + y. Is u prime?
True
Suppose k - 1197386 = -5*b, -k = -4*b + 186848 + 771059. Is b composite?
True
Suppose -4*d - 3*n + 552962 = 0, -9*d + 7*d = 8*n - 276494. Is d composite?
False
Suppose -116*v = -124*v - 13560. Let p = v - -9308. Is p a prime number?
False
Suppose -16162 = 7052*w - 7054*w. Is w a composite number?
False
Let n = 33746 + -15705. Is n a composite number?
False
Let a(h) = -16*h + 365 - 6*h + 354 + 30*h. Is a(0) a prime number?
True
Is 121085 - (129/43)/(3/2) a composite number?
True
Let u = 3142 + -2087. Is (-1 + -5 + u)*1 a composite number?
False
Suppose 2*k = -5*g + 2032105, 103*k - 100*k = -4*g + 1625677. Is g prime?
True
Let g = 45005 - -10196. Is g a prime number?
True
Suppose 5*j - 34*v = -29*v + 25405, 0 = -2*j - 3*v + 10152. Suppose j = 105*k - 102*k. Is k composite?
False
Let g = -16 - -16. Suppose g = 13*x - 9*x - 157992. Is (-4)/(-10) - (x/(-30) + -2) a composite number?
False
Suppose 398355 = -50*q + 1564405. Is q a prime number?
True
Suppose -3*p - 5*f + 32 = 0, -2 = 5*p + 5*f - 52. Is (12/p)/(4/31107) a composite numb